s digit of 4568?
4
What is the tens digit of 8214?
1
What is the units digit of 18875?
5
What is the hundreds digit of 12836?
8
What is the hundreds digit of 28903?
9
What is the hundreds digit of 14708?
7
What is the tens digit of 102488?
8
What is the thousands digit of 20943?
0
What is the thousands digit of 1635?
1
What is the units digit of 1460?
0
What is the hundreds digit of 232?
2
What is the units digit of 2198?
8
What is the thousands digit of 47181?
7
What is the hundreds digit of 86449?
4
What is the tens digit of 301?
0
What is the units digit of 631?
1
What is the units digit of 43158?
8
What is the ten thousands digit of 52340?
5
What is the thousands digit of 2742?
2
What is the tens digit of 135?
3
What is the units digit of 6318?
8
What is the ten thousands digit of 40194?
4
What is the units digit of 861?
1
What is the hundreds digit of 3454?
4
What is the thousands digit of 98976?
8
What is the hundreds digit of 546?
5
What is the thousands digit of 20696?
0
What is the tens digit of 304?
0
What is the ten thousands digit of 136598?
3
What is the thousands digit of 2208?
2
What is the thousands digit of 4318?
4
What is the units digit of 83758?
8
What is the units digit of 88826?
6
What is the units digit of 1595?
5
What is the hundreds digit of 1122?
1
What is the units digit of 1112?
2
What is the ten thousands digit of 13071?
1
What is the tens digit of 14460?
6
What is the ten thousands digit of 19353?
1
What is the tens digit of 669?
6
What is the ten thousands digit of 85371?
8
What is the hundreds digit of 425?
4
What is the thousands digit of 2540?
2
What is the tens digit of 1072?
7
What is the units digit of 57?
7
What is the tens digit of 66444?
4
What is the ten thousands digit of 18181?
1
What is the units digit of 3193?
3
What is the units digit of 251?
1
What is the thousands digit of 2721?
2
What is the tens digit of 5270?
7
What is the tens digit of 15451?
5
What is the thousands digit of 1003?
1
What is the hundreds digit of 1565?
5
What is the ten thousands digit of 27403?
2
What is the tens digit of 32717?
1
What is the units digit of 66610?
0
What is the thousands digit of 85550?
5
What is the ten thousands digit of 39262?
3
What is the thousands digit of 4365?
4
What is the hundreds digit of 702?
7
What is the tens digit of 5313?
1
What is the units digit of 705?
5
What is the tens digit of 130?
3
What is the hundreds digit of 7382?
3
What is the tens digit of 1318?
1
What is the hundreds digit of 161?
1
What is the hundreds digit of 9765?
7
What is the units digit of 291?
1
What is the hundreds digit of 9447?
4
What is the tens digit of 12190?
9
What is the thousands digit of 14237?
4
What is the units digit of 136?
6
What is the thousands digit of 2820?
2
What is the units digit of 1666?
6
What is the units digit of 20?
0
What is the units digit of 3861?
1
What is the units digit of 3222?
2
What is the hundreds digit of 196?
1
What is the thousands digit of 2312?
2
What is the hundreds digit of 850?
8
What is the hundreds digit of 5694?
6
What is the thousands digit of 14619?
4
What is the units digit of 242?
2
What is the units digit of 748?
8
What is the tens digit of 6872?
7
What is the thousands digit of 1677?
1
What is the ten thousands digit of 17276?
1
What is the thousands digit of 5370?
5
What is the tens digit of 632?
3
What is the thousands digit of 33477?
3
What is the units digit of 162?
2
What is the units digit of 21208?
8
What is the hundreds digit of 666?
6
What is the tens digit of 2093?
9
What is the thousands digit of 9807?
9
What is the thousands digit of 2089?
2
What is the thousands digit of 11762?
1
What is the hundreds digit of 32147?
1
What is the ten thousands digit of 38166?
3
What is the ten thousands digit of 15232?
1
What is the units digit of 891?
1
What is the tens digit of 24514?
1
What is the hundreds digit of 71562?
5
What is the units digit of 11960?
0
What is the thousands digit of 1988?
1
What is the tens digit of 5083?
8
What is the hundreds digit of 2326?
3
What is the hundreds digit of 75439?
4
What is the units digit of 23544?
4
What is the thousands digit of 6412?
6
What is the hundreds digit of 89092?
0
What is the units digit of 577?
7
What is the tens digit of 160?
6
What is the units digit of 36041?
1
What is the ten thousands digit of 69962?
6
What is the tens digit of 31821?
2
What is the units digit of 2336?
6
What is the tens digit of 77156?
5
What is the tens digit of 3618?
1
What is the thousands digit of 7933?
7
What is the hundreds digit of 17251?
2
What is the units digit of 9856?
6
What is the thousands digit of 5028?
5
What is the hundreds digit of 3786?
7
What is the units digit of 1020?
0
What is the hundreds digit of 96928?
9
What is the thousands digit of 3305?
3
What is the hundreds digit of 5183?
1
What is the tens digit of 16430?
3
What is the units digit of 64354?
4
What is the hundred thousands digit of 153163?
1
What is the tens digit of 2023?
2
What is the hundreds digit of 663?
6
What is the tens digit of 145837?
3
What is the tens digit of 122040?
4
What is the units digit of 248?
8
What is the units digit of 5512?
2
What is the hundreds digit of 402?
4
What is the hundred thousands digit of 176624?
1
What is the units digit of 288?
8
What is the tens digit of 2438?
3
What is the ten thousands digit of 14050?
1
What is the hundreds digit of 59052?
0
What is the tens digit of 17768?
6
What is the ten thousands digit of 38337?
3
What is the thousands digit of 2649?
2
What is the units digit of 3?
3
What is the tens digit of 21572?
7
What is the thousands digit of 64022?
4
What is the tens digit of 17964?
6
What is the tens digit of 100877?
7
What is the hundreds digit of 371?
3
What is the units digit of 19860?
0
What is the tens digit of 2487?
8
What is the tens digit of 193?
9
What is the hundreds digit of 6143?
1
What is the hundreds digit of 60520?
5
What is the thousands digit of 3225?
3
What is the tens digit of 6740?
4
What is the units digit of 691?
1
What is the tens digit of 8368?
6
What is the units digit of 15461?
1
What is the units digit of 398?
8
What is the thousands digit of 3378?
3
What is the hundreds digit of 34082?
0
What is the ten thousands digit of 12210?
1
What is the tens digit of 482?
8
What is the units digit of 1571?
1
What is the units digit of 1208?
8
What is the hundreds digit of 14521?
5
What is the thousands digit of 8090?
8
What is the thousands digit of 72687?
2
What is the units digit of 1961?
1
What is the units digit of 305?
5
What is the hundreds digit of 1424?
4
What is the tens digit of 2093?
9
What is the thousands digit of 24367?
4
What is the units digit of 2427?
7
What is the thousands digit of 5854?
5
What is the tens digit of 8076?
7
What is the ten thousands digit of 12877?
1
What is the hundreds digit of 8563?
5
What is the hundreds digit of 251?
2
What is the thousands digit of 49428?
9
What is the hundreds digit of 536?
5
What is the units digit of 989?
9
What is the units digit of 57331?
1
What is the tens digit of 385?
8
What is the tens digit of 353?
5
What is the thousands digit of 1333?
1
What is the thousands digit of 1869?
1
What is the hundreds digit of 4752?
7
What is the tens digit of 13151?
5
What is the tens digit of 10096?
9
What is the hundreds digit of 2291?
2
What is the units digit of 84024?
4
What is the ten thousands digit of 22992?
2
What is the tens digit of 76?
7
What is the tens digit of 1191?
9
What is the thousands digit of 30127?
0
What is the thousands digit of 23728?
3
What is the hundreds digit of 48762?
7
What is the hundreds digit of 11805?
8
What is the hundreds digit of 1471?
4
What is the thousands digit of 1658?
1
What is the tens digit of 2920?
2
What is the tens digit of 1115?
1
What is the thousands digit of 9770?
9
What is the tens digit of 3539?
3
What is the hundreds digit of 629?
6
What is the units digit of 4771?
1
What is the hundreds digit of 2873?
8
What is the ten thousands digit of 90935?
9
What is the units digit of 1634?
4
What is the hundreds digit of 2612?
6
What is the hundreds digit of 2261?
2
What is the tens digit of 518?
1
What is the tens digit of 1765?
6
What is the ten thousands digit of 12842?
1
What is the tens di